ed by t?
0
Let m = -4791 + 4954. What is the remainder when m is divided by 146?
17
Let g(i) = 19*i**2 + 44*i + 380. What is the remainder when g(-7) is divided by 21?
16
Calculate the remainder when 60 is divided by (2/(-6))/(18 - 17842/990).
0
Suppose -t = -5*t + 31950 - 13190. Calculate the remainder when t is divided by 23.
21
Suppose -7*a = -28*a + 168. Calculate the remainder when 93*(1 - (0 + 0)) is divided by ((-4)/a)/(4/(-304)*2).
17
Let j = 2612 + -2516. Calculate the remainder when j is divided by 0 + 0 + -159*1/(-3).
43
Suppose 5212 = 7*h + 15*h - 3324. Calculate the remainder when h is divided by 27.
10
Suppose -22*t + 10862 = -1923 - 1009. What is the remainder when t is divided by 120?
27
Let n be 60/1*(72/(-15) - -6). Let u = -72 + n. Suppose u = 36*k - 39*k + 81. Calculate the remainder when 161 is divided by k.
26
Let h = 2 + 2. Let b(f) = f**3 + 35*f**2 - 72*f + 74. Let i be b(-37). Suppose -3*c + 0*c + 6 = i. What is the remainder when h is divided by c?
0
Let c(d) = -d + 44. Let p(w) = -9*w**3 + 3*w**2 - 6*w + 4. Let m be p(1). Calculate the remainder when c(15) is divided by (m + 3)*(-3)/3.
4
Let d(b) = 2 - 7 + 4 - 1 - 8*b. Let u be d(-1). Suppose 4*s - 3*p - 68 + 3 = 0, -2*p = u. Calculate the remainder when 27 is divided by s.
13
Suppose 137 + 87 = z - 5*r, 4*z - 848 = 4*r. Suppose 5*o - z = -q, 7*q + 5*o = 2*q + 1065. What is the remainder when q is divided by 54?
52
Suppose 0 = l + 2*v - 288, 5*v = 5*l + v - 1524. Calculate the remainder when l is divided by 34.
28
Suppose 12886*f - 12894*f = 91 - 315. Let x = -802 - -1220. What is the remainder when x is divided by f?
26
Let g be 30*(3/20 - (-1)/4). What is the remainder when 113 is divided by 3*(-4 - -6)*26/g?
9
Let y(h) = h**2 + 224*h + 1105. Calculate the remainder when 1058 is divided by y(-5).
8
Calculate the remainder when 330 is divided by (-492)/(-66) - ((-246)/330 + 7/35).
2
Let d(f) = f - 28. Let c = 35 + -27. Calculate the remainder when d(35) is divided by (c/(-12))/(2/(-6)).
1
Suppose -9*j = 15*j - 3556 - 92. Calculate the remainder when j is divided by 150.
2
Suppose -4*h - 22 - 50 = -3*k, h + 103 = 5*k. Calculate the remainder when 201 is divided by k.
1
Suppose 5901*n - 2953*n + 464 = 2956*n. What is the remainder when 891 is divided by n?
21
Let a(f) = -2*f**2 + 16*f + 5419. Let o = 16 + -9. Calculate the remainder when a(56) is divided by o.
1
Let t(h) = 91*h + 38. Let a be t(4). Suppose 0 = -u - 3, -l - l - 4*u + a = 0. Calculate the remainder when l is divided by 35.
32
Let q(s) = 3*s**3 - 37*s**2 + 26*s - 130. Calculate the remainder when q(13) is divided by 51.
36
Suppose -1262*z + 1263*z - 68 = -n, z + 5*n = 56. Calculate the remainder when 1057 is divided by z.
63
Let q(n) = 33*n - 5. Let g(z) = -754*z + 116. Let d(k) = 5*g(k) + 116*q(k). Calculate the remainder when d(1) is divided by 17.
7
Suppose -t - 111 = 3*p, 37 = -p - 3*t - t. Let a = p - -73. Suppose -19*x = 27*x - 6486. What is the remainder when x is divided by a?
33
Let r = 11 - 7. Suppose -9 = r*s - 3*s. What is the remainder when (-11*4 - 1)*(s - -8) is divided by 12?
9
Let r(w) = 13*w - 3*w - 8*w + 50 - 8*w. What is the remainder when 50 is divided by r(4)?
24
Suppose 0 = -2*w - 6*w - 16. Let x be 2*w/4 + -22. Let l = -18 - x. Calculate the remainder when l is divided by 3.
2
Let v be -358 + ((-9)/(-15) - (-66)/15). Let w = v + 688. Calculate the remainder when w is divided by 14.
13
Let b(f) = -f**2 - 26*f + 120. What is the remainder when 493 is divided by b(-29)?
31
Let x = 64 + -31. Let c = -1527 + 1757. What is the remainder when c is divided by x?
32
Let h = 506 + -477. What is the remainder when 1331 is divided by h?
26
Let g(n) = -61*n - 20. Let z be g(-3). Let v = -128 + z. What is the remainder when 50 is divided by v?
15
Let m(n) = 13*n**2 - 283*n + 1236. Suppose -2*z - 5*k = -71, 3*z - 11 = -k + 76. Calculate the remainder when z is divided by m(6).
4
What is the remainder when 26418/221 - (-6)/13 is divided by 21?
15
What is the remainder when 527 is divided by (7/(-14) - 11/4)*-32?
7
Let o be (-4)/(12/(-21)) + -1. Suppose -24*u + 27*u + 360 = 0. Calculate the remainder when 63 is divided by (u/(-45))/(1/o).
15
Suppose 16*c - 62 = 239 + 163. What is the remainder when 109 is divided by c?
22
Let f = -10015 + 10026. What is the remainder when 348 is divided by f?
7
Suppose 4*x - 33*j - 728 = -34*j, -j = 2*x - 362. What is the remainder when x is divided by 44?
7
Suppose 5*s = -3*i + 235, 20*i - 28*i + 545 = -3*s. What is the remainder when 315 is divided by i?
35
Suppose -3*b = 3*b - 1122. Let o = -170 + b. Calculate the remainder when o is divided by 9.
8
Let a(y) = y**3 + 8*y**2 - 46*y - 239. What is the remainder when 637 is divided by a(-8)?
121
Let h = 68779 + -68735. What is the remainder when ((-35)/(-4))/(2/40) is divided by h?
43
Let r be (-215)/(-86)*2/5. What is the remainder when 99 + (-1 - 2)*r is divided by 33?
30
Suppose u = -n + 23, -85 = -5*n - 2*u + 12. What is the remainder when 165 is divided by n?
12
Suppose 0 = -3*b + 2*s + 7345, 240*b + s = 238*b + 4906. What is the remainder when b is divided by 3?
0
Let g(f) = -2*f**2 + 40 + 11*f**2 + 2*f + 4*f**2. What is the remainder when g(4) is divided by 46?
26
Suppose 3 = q - 10. Let a = -212 - -572. What is the remainder when q is divided by 44/9 + 40/a?
3
Let b(x) = 246*x + 5290. What is the remainder when 3088 is divided by b(-19)?
8
Let h = -1107 + 1143. Let l = 6 - -96. What is the remainder when l is divided by h?
30
Let t(h) = h**3 + 14*h**2 - 433*h + 66. What is the remainder when t(-29) is divided by 8?
0
Suppose -2*h + 7 = 3. Suppose 2*m + 36 = 4*b - 5*b, 3*m - h*b + 40 = 0. Calculate the remainder when 3 + 4/(-4) - m is divided by 4.
2
Let v(b) = 13*b + 83. Suppose 5*y - 10 + 74 = 2*c, c = 2*y + 30. What is the remainder when v(0) is divided by c?
17
Let p = 19 + -13. Let k be ((-60)/(-9))/(-2)*12/10. What is the remainder when -18*k/((-32)/(-4)) is divided by p?
3
Suppose 2*q = -3*i + 42, 5*i - 28 = -2*q + 6. Calculate the remainder when 179 is divided by (-5)/(75/(-455)) + 18/q.
24
Calculate the remainder when 68*((-3905)/(-44) - -9) is divided by 70.
67
Suppose -m = -4*y - 7, 3 = m + 5*y + 5. Suppose 5*l + 3*u - 120 = 0, 4*u + 64 = m*l + l. Calculate the remainder when 33 is divided by l.
12
Let z(m) = -5*m**2 - 143*m + 6. What is the remainder when 61 is divided by z(0)?
1
Suppose -j + 11 = 11. Suppose 3*m - 3*t + 12 = 72, -5*m - 5*t + 140 = j. Suppose 0 = 5*r - 3*r - m. What is the remainder when 58 is divided by r?
10
Suppose 0 = -12*t + 16*t + 8. Let q(j) = j**2 - j + 3. Let p be q(t). Calculate the remainder when 24/p + -3 + (-142)/(-3) is divided by 24.
23
Let q = 9724 + -9708. Calculate the remainder when 57 is divided by q.
9
Suppose -4*a - 512 = -4*l, 0*l = -l - 2*a + 140. Suppose -2*s + 24 = -6. Calculate the remainder when l is divided by s.
12
Let v be ((-6)/(-4))/(5/10). Suppose 4*w + v*d - 128 = 0, 0*w - 5*d - 90 = -2*w. Calculate the remainder when 67 is divided by w.
32
Suppose 0 = m + 2*z + 5, z + 5 = -0*z. Suppose -5*l = -5 - 10, m*v + 4*l = -93. Let b = v - -52. What is the remainder when 185 is divided by b?
30
What is the remainder when 15 is divided by 882/1617 + (-2)/(22/(-49))?
0
Suppose -3*p + 3*c + 105 = 0, 4*p + 2*c = -p + 147. What is the remainder when p is divided by (16/6 - 2)/(2/36)?
7
Let i(n) = -183*n + 164*n - 2 - 7*n**2 - n**2 - 10*n**3 + 0. Calculate the remainder when i(-3) is divided by 16.
13
Let m = 10 + -7. Let z(i) = 3*i**2 + 2*i - 4. Suppose 0 = -22*d - 11*d + 3729. What is the remainder when d is divided by z(m)?
26
Suppose 3*m = 343*n - 340*n - 132, -3*n - m + 116 = 0. Calculate the remainder when 205 is divided by n.
5
Let a be -9*1*(-16 + 19). Calculate the remainder when 54 is divided by 30 - ((-3)/(-4))/(a/(-72)).
26
Suppose -3*a - 20 = -5*a. Suppose -3*f - 5*z = -56, 0*z + 2*z + a = 0. Suppose 30*h - 96 = 23*h - 9*h. What is the remainder when f is divided by h?
3
Let j be 55 + -4 + 1*(7 + -2). Suppose 0 = 8*o - 4*o + 48. Let r = o + j. What is the remainder when r is divided by 15?
14
Suppose -3*q - 4 = -z, -3*q - 2 = 7. Let r(d) be the first derivative of d**3 + 9*d**2/2 - 4*d + 2. What is the remainder when r(z) is divided by 7?
5
